{"id":104,"date":"2024-08-10T18:25:53","date_gmt":"2024-08-10T16:25:53","guid":{"rendered":"https:\/\/museelyceemariecurie.org\/?page_id=104"},"modified":"2024-08-21T09:18:32","modified_gmt":"2024-08-21T07:18:32","slug":"la-creation-du-lycee","status":"publish","type":"page","link":"https:\/\/museelyceemariecurie.org\/index.php\/histoire\/la-creation-du-lycee\/","title":{"rendered":"La construction du lyc\u00e9e"},"content":{"rendered":"\n<p class=\"has-drop-cap has-medium-font-size\">En 1931, la ville de Sceaux acquiert une vaste propri\u00e9t\u00e9, avec maison et parc, ayant appartenu au math\u00e9maticien Cauchy, c\u00e9d\u00e9e ensuite \u00e0 l\u2019\u00c9tat qui confie en 1932 la construction d\u2019un lyc\u00e9e de jeunes filles \u00e0 \u00c9mile Brunet, architecte en chef au service des Monuments historiques, form\u00e9 \u00e0 l\u2019\u00e9cole de Viollet-le-Duc, \u00e9l\u00e8ve d\u2019Anatole de Baudot, restaurateur du Mont Saint-Michel et architecte de Lakanal. La construction du lyc\u00e9e dure de 1932 \u00e0 1936, dates inscrites de part et d\u2019autre du carillon octogonal de la Cour d\u2019Honneur.<\/p>\n\n\n\n<figure class=\"wp-block-image size-large\"><img loading=\"lazy\" decoding=\"async\" width=\"1024\" height=\"452\" src=\"http:\/\/museelyceemariecurie.org\/wp-content\/uploads\/2024\/08\/carillon-1024x452.png\" alt=\"\" class=\"wp-image-1248\" srcset=\"https:\/\/museelyceemariecurie.org\/wp-content\/uploads\/2024\/08\/carillon-1024x452.png 1024w, https:\/\/museelyceemariecurie.org\/wp-content\/uploads\/2024\/08\/carillon-300x132.png 300w, https:\/\/museelyceemariecurie.org\/wp-content\/uploads\/2024\/08\/carillon-768x339.png 768w, https:\/\/museelyceemariecurie.org\/wp-content\/uploads\/2024\/08\/carillon.png 1067w\" sizes=\"auto, (max-width: 1024px) 100vw, 1024px\" \/><\/figure>\n","protected":false},"excerpt":{"rendered":"<p>En 1931, la ville de Sceaux acquiert une vaste propri\u00e9t\u00e9, avec maison et parc, ayant appartenu au math\u00e9maticien Cauchy, c\u00e9d\u00e9e ensuite \u00e0 l\u2019\u00c9tat qui confie en 1932 la construction d\u2019un lyc\u00e9e de jeunes filles \u00e0 \u00c9mile Brunet, architecte en chef au service des Monuments historiques, form\u00e9 \u00e0 l\u2019\u00e9cole de Viollet-le-Duc, \u00e9l\u00e8ve d\u2019Anatole de Baudot, restaurateur [&hellip;]<\/p>\n","protected":false},"author":1,"featured_media":211,"parent":36,"menu_order":2,"comment_status":"closed","ping_status":"closed","template":"","meta":{"footnotes":""},"class_list":["post-104","page","type-page","status-publish","has-post-thumbnail","hentry"],"_links":{"self":[{"href":"https:\/\/museelyceemariecurie.org\/index.php\/wp-json\/wp\/v2\/pages\/104","targetHints":{"allow":["GET"]}}],"collection":[{"href":"https:\/\/museelyceemariecurie.org\/index.php\/wp-json\/wp\/v2\/pages"}],"about":[{"href":"https:\/\/museelyceemariecurie.org\/index.php\/wp-json\/wp\/v2\/types\/page"}],"author":[{"embeddable":true,"href":"https:\/\/museelyceemariecurie.org\/index.php\/wp-json\/wp\/v2\/users\/1"}],"replies":[{"embeddable":true,"href":"https:\/\/museelyceemariecurie.org\/index.php\/wp-json\/wp\/v2\/comments?post=104"}],"version-history":[{"count":10,"href":"https:\/\/museelyceemariecurie.org\/index.php\/wp-json\/wp\/v2\/pages\/104\/revisions"}],"predecessor-version":[{"id":1249,"href":"https:\/\/museelyceemariecurie.org\/index.php\/wp-json\/wp\/v2\/pages\/104\/revisions\/1249"}],"up":[{"embeddable":true,"href":"https:\/\/museelyceemariecurie.org\/index.php\/wp-json\/wp\/v2\/pages\/36"}],"wp:featuredmedia":[{"embeddable":true,"href":"https:\/\/museelyceemariecurie.org\/index.php\/wp-json\/wp\/v2\/media\/211"}],"wp:attachment":[{"href":"https:\/\/museelyceemariecurie.org\/index.php\/wp-json\/wp\/v2\/media?parent=104"}],"curies":[{"name":"wp","href":"https:\/\/api.w.org\/{rel}","templated":true}]}}

La construction du lycée

<p class="has-drop-cap has-medium-font-size">En 1931, la ville de Sceaux acquiert une vaste propriété, avec maison et parc, ayant appartenu au mathématicien Cauchy, cédée ensuite à l’État qui confie en 1932 la construction d’un lycée de jeunes filles à Émile Brunet, architecte en chef au service des Monuments historiques, formé à l’école de Viollet-le-Duc, élève d’Anatole de Baudot, restaurateur du Mont Saint-Michel et architecte de Lakanal. La construction du lycée dure de 1932 à 1936, dates inscrites de part et d’autre du carillon octogonal de la Cour d’Honneur.</p>



<figure class="wp-block-image size-large"><img loading="lazy" decoding="async" width="1024" height="452" src="http://museelyceemariecurie.org/wp-content/uploads/2024/08/carillon-1024x452.png" alt="" class="wp-image-1248" srcset="https://museelyceemariecurie.org/wp-content/uploads/2024/08/carillon-1024x452.png 1024w, https://museelyceemariecurie.org/wp-content/uploads/2024/08/carillon-300x132.png 300w, https://museelyceemariecurie.org/wp-content/uploads/2024/08/carillon-768x339.png 768w, https://museelyceemariecurie.org/wp-content/uploads/2024/08/carillon.png 1067w" sizes="auto, (max-width: 1024px) 100vw, 1024px" /></figure>

<p>En 1931, la ville de Sceaux acquiert une vaste propriété, avec maison et parc, ayant appartenu au mathématicien Cauchy, cédée ensuite à l’État qui confie en 1932 la construction d’un lycée de jeunes filles à Émile Brunet, architecte en chef au service des Monuments historiques, formé à l’école de Viollet-le-Duc, élève d’Anatole de Baudot, restaurateur [&hellip;]</p>
