{"id":2672,"date":"2026-04-26T09:13:47","date_gmt":"2026-04-26T07:13:47","guid":{"rendered":"https:\/\/museelyceemariecurie.org\/?page_id=2672"},"modified":"2026-04-26T09:13:47","modified_gmt":"2026-04-26T07:13:47","slug":"alain-weisz","status":"publish","type":"page","link":"https:\/\/museelyceemariecurie.org\/index.php\/alain-weisz\/","title":{"rendered":"Alain Weisz"},"content":{"rendered":"\n<p><font dir=\"auto\" style=\"vertical-align: inherit;\"><font dir=\"auto\" style=\"vertical-align: inherit;\">Saviez-vous que le <strong><em>s\u00e9lectionneur de l&#8217;\u00e9quipe de France de basket-ball <\/em><\/strong>entre 2000 et 2003 Alain Weisz est un ancien professeur du Lyc\u00e9e Marie-Curie ?<\/font><\/font><\/p>\n\n\n\n<figure class=\"wp-block-image size-full\"><img loading=\"lazy\" decoding=\"async\" width=\"712\" height=\"581\" src=\"https:\/\/museelyceemariecurie.org\/wp-content\/uploads\/2026\/04\/AlainWeiszWikipedia.jpg\" alt=\"\" class=\"wp-image-2674\" srcset=\"https:\/\/museelyceemariecurie.org\/wp-content\/uploads\/2026\/04\/AlainWeiszWikipedia.jpg 712w, https:\/\/museelyceemariecurie.org\/wp-content\/uploads\/2026\/04\/AlainWeiszWikipedia-300x245.jpg 300w\" sizes=\"auto, (max-width: 712px) 100vw, 712px\" \/><\/figure>\n\n\n\n<p><font dir=\"auto\" style=\"vertical-align: inherit;\"><font dir=\"auto\" style=\"vertical-align: inherit;\"><font dir=\"auto\" style=\"vertical-align: inherit;\"><font dir=\"auto\" style=\"vertical-align: inherit;\">N\u00e9<\/font><\/font> le 29 mai 1953 \u00e0 Marseille<\/font><\/font>, Alain Weisz a \u00e9t\u00e9 capitaine d&#8217;\u00e9quipe et entra\u00eeneur \u00e0 l&#8217;ASA Sceaux, professeur d&#8217;EPS au lyc\u00e9e Marie-Curie o\u00f9 il a fond\u00e9 la section sport-\u00e9tudes basket en 1981, avant de passer entra\u00eeneur professionnel en 1994 au Montpellier PB. Il devient s\u00e9lectionneur de l&#8217;\u00e9quipe de France de 2000 \u00e0 2003. Et ceci n&#8217;est qu&#8217;un r\u00e9sum\u00e9 !<\/p>\n","protected":false},"excerpt":{"rendered":"<p>Saviez-vous que le s\u00e9lectionneur de l&#8217;\u00e9quipe de France de basket-ball entre 2000 et 2003 Alain Weisz est un ancien professeur du Lyc\u00e9e Marie-Curie ? N\u00e9 le 29 mai 1953 \u00e0 Marseille, Alain Weisz a \u00e9t\u00e9 capitaine d&#8217;\u00e9quipe et entra\u00eeneur \u00e0 l&#8217;ASA Sceaux, professeur d&#8217;EPS au lyc\u00e9e Marie-Curie o\u00f9 il a fond\u00e9 la section sport-\u00e9tudes basket [&hellip;]<\/p>\n","protected":false},"author":1,"featured_media":0,"parent":0,"menu_order":0,"comment_status":"closed","ping_status":"closed","template":"","meta":{"footnotes":""},"class_list":["post-2672","page","type-page","status-publish","hentry"],"_links":{"self":[{"href":"https:\/\/museelyceemariecurie.org\/index.php\/wp-json\/wp\/v2\/pages\/2672","targetHints":{"allow":["GET"]}}],"collection":[{"href":"https:\/\/museelyceemariecurie.org\/index.php\/wp-json\/wp\/v2\/pages"}],"about":[{"href":"https:\/\/museelyceemariecurie.org\/index.php\/wp-json\/wp\/v2\/types\/page"}],"author":[{"embeddable":true,"href":"https:\/\/museelyceemariecurie.org\/index.php\/wp-json\/wp\/v2\/users\/1"}],"replies":[{"embeddable":true,"href":"https:\/\/museelyceemariecurie.org\/index.php\/wp-json\/wp\/v2\/comments?post=2672"}],"version-history":[{"count":1,"href":"https:\/\/museelyceemariecurie.org\/index.php\/wp-json\/wp\/v2\/pages\/2672\/revisions"}],"predecessor-version":[{"id":2675,"href":"https:\/\/museelyceemariecurie.org\/index.php\/wp-json\/wp\/v2\/pages\/2672\/revisions\/2675"}],"wp:attachment":[{"href":"https:\/\/museelyceemariecurie.org\/index.php\/wp-json\/wp\/v2\/media?parent=2672"}],"curies":[{"name":"wp","href":"https:\/\/api.w.org\/{rel}","templated":true}]}}

<p><font dir="auto" style="vertical-align: inherit;"><font dir="auto" style="vertical-align: inherit;">Saviez-vous que le <strong><em>sélectionneur de l&#8217;équipe de France de basket-ball </em></strong>entre 2000 et 2003 Alain Weisz est un ancien professeur du Lycée Marie-Curie ?</font></font></p>



<figure class="wp-block-image size-full"><img loading="lazy" decoding="async" width="712" height="581" src="https://museelyceemariecurie.org/wp-content/uploads/2026/04/AlainWeiszWikipedia.jpg" alt="" class="wp-image-2674" srcset="https://museelyceemariecurie.org/wp-content/uploads/2026/04/AlainWeiszWikipedia.jpg 712w, https://museelyceemariecurie.org/wp-content/uploads/2026/04/AlainWeiszWikipedia-300x245.jpg 300w" sizes="auto, (max-width: 712px) 100vw, 712px" /></figure>



<p><font dir="auto" style="vertical-align: inherit;"><font dir="auto" style="vertical-align: inherit;"><font dir="auto" style="vertical-align: inherit;"><font dir="auto" style="vertical-align: inherit;">Né</font></font> le 29 mai 1953 à Marseille</font></font>, Alain Weisz a été capitaine d&#8217;équipe et entraîneur à l&#8217;ASA Sceaux, professeur d&#8217;EPS au lycée Marie-Curie où il a fondé la section sport-études basket en 1981, avant de passer entraîneur professionnel en 1994 au Montpellier PB. Il devient sélectionneur de l&#8217;équipe de France de 2000 à 2003. Et ceci n&#8217;est qu&#8217;un résumé !</p>

<p>Saviez-vous que le sélectionneur de l&#8217;équipe de France de basket-ball entre 2000 et 2003 Alain Weisz est un ancien professeur du Lycée Marie-Curie ? Né le 29 mai 1953 à Marseille, Alain Weisz a été capitaine d&#8217;équipe et entraîneur à l&#8217;ASA Sceaux, professeur d&#8217;EPS au lycée Marie-Curie où il a fondé la section sport-études basket [&hellip;]</p>
