{"id":354,"date":"2024-08-12T09:17:14","date_gmt":"2024-08-12T07:17:14","guid":{"rendered":"https:\/\/museelyceemariecurie.org\/?page_id=354"},"modified":"2025-09-18T22:25:23","modified_gmt":"2025-09-18T20:25:23","slug":"expositions","status":"publish","type":"page","link":"https:\/\/museelyceemariecurie.org\/index.php\/evenements\/expositions\/","title":{"rendered":"Expositions"},"content":{"rendered":"\n<p class=\"has-large-font-size\"><strong>2025<\/strong><\/p>\n\n\n\n<ul class=\"wp-block-list\">\n<li><strong>Portraits de classes &#8211; M\u00e9moire vive du lyc\u00e9e Marie-Curie\u00a0<\/strong><\/li>\n\n\n\n<li>Du 7 au 12 octobre 2925<\/li>\n\n\n\n<li><strong>Ancienne Mairie, 68 rue Houdan, 92330 SCEAUX<\/strong><\/li>\n<\/ul>\n\n\n\n<hr class=\"wp-block-separator has-alpha-channel-opacity\"\/>\n\n\n\n<p class=\"has-large-font-size\"><strong>2023<\/strong><\/p>\n\n\n\n<ul class=\"wp-block-list\">\n<li><strong>Exposition &#8220;Marie-Curie  : un lyc\u00e9e dans la guerre&#8221;<\/strong>, JEP 2023<\/li>\n<\/ul>\n\n\n\n<p>La vie du lyc\u00e9e Marie-Curie pendant la Seconde Guerre mondiale \u00e0 travers les figures de Suzanne Forfer, directrice d&#8217;exception, et Alice Pick, professeur de math\u00e9matiques, victime du statut des Juifs.<\/p>\n\n\n\n<p class=\"has-system-sans-serif-font-family has-medium-font-size\"><strong>A VENIR<\/strong><\/p>\n\n\n\n<ul class=\"wp-block-list\">\n<li><strong>Exposition &#8220;Marie-Curie : un lyc\u00e9e au temps des Trente Glorieuses<\/strong>&#8220;<\/li>\n<\/ul>\n\n\n\n<p>Le lyc\u00e9e classique de jeunes filles, l&#8217;aum\u00f4nerie catholique et l&#8217;abb\u00e9 Etienne Vinson, la massification scolaire, la fin des classes primaires, les \u00e9v\u00e9nements de mai 1968, la fin des blouses et l&#8217;apparition de la mixit\u00e9 en 1971.<\/p>\n\n\n\n<p><\/p>\n","protected":false},"excerpt":{"rendered":"<p>2025 2023 La vie du lyc\u00e9e Marie-Curie pendant la Seconde Guerre mondiale \u00e0 travers les figures de Suzanne Forfer, directrice d&#8217;exception, et Alice Pick, professeur de math\u00e9matiques, victime du statut des Juifs. A VENIR Le lyc\u00e9e classique de jeunes filles, l&#8217;aum\u00f4nerie catholique et l&#8217;abb\u00e9 Etienne Vinson, la massification scolaire, la fin des classes primaires, les [&hellip;]<\/p>\n","protected":false},"author":1,"featured_media":0,"parent":345,"menu_order":2,"comment_status":"closed","ping_status":"closed","template":"","meta":{"footnotes":""},"class_list":["post-354","page","type-page","status-publish","hentry"],"_links":{"self":[{"href":"https:\/\/museelyceemariecurie.org\/index.php\/wp-json\/wp\/v2\/pages\/354","targetHints":{"allow":["GET"]}}],"collection":[{"href":"https:\/\/museelyceemariecurie.org\/index.php\/wp-json\/wp\/v2\/pages"}],"about":[{"href":"https:\/\/museelyceemariecurie.org\/index.php\/wp-json\/wp\/v2\/types\/page"}],"author":[{"embeddable":true,"href":"https:\/\/museelyceemariecurie.org\/index.php\/wp-json\/wp\/v2\/users\/1"}],"replies":[{"embeddable":true,"href":"https:\/\/museelyceemariecurie.org\/index.php\/wp-json\/wp\/v2\/comments?post=354"}],"version-history":[{"count":25,"href":"https:\/\/museelyceemariecurie.org\/index.php\/wp-json\/wp\/v2\/pages\/354\/revisions"}],"predecessor-version":[{"id":2638,"href":"https:\/\/museelyceemariecurie.org\/index.php\/wp-json\/wp\/v2\/pages\/354\/revisions\/2638"}],"up":[{"embeddable":true,"href":"https:\/\/museelyceemariecurie.org\/index.php\/wp-json\/wp\/v2\/pages\/345"}],"wp:attachment":[{"href":"https:\/\/museelyceemariecurie.org\/index.php\/wp-json\/wp\/v2\/media?parent=354"}],"curies":[{"name":"wp","href":"https:\/\/api.w.org\/{rel}","templated":true}]}}