{"id":530,"date":"2024-08-12T11:42:46","date_gmt":"2024-08-12T09:42:46","guid":{"rendered":"https:\/\/museelyceemariecurie.org\/?page_id=530"},"modified":"2024-09-15T11:13:13","modified_gmt":"2024-09-15T09:13:13","slug":"chandernagor-francoise","status":"publish","type":"page","link":"https:\/\/museelyceemariecurie.org\/index.php\/chandernagor-francoise\/","title":{"rendered":"Fran\u00e7oise Chandernagor"},"content":{"rendered":"\n<p>Saviez-vous que la romanci\u00e8re Fran\u00e7oise Chandernagor, dipl\u00f4m\u00e9e de Sciences Po Paris, <strong><em>premi\u00e8re femme major de l&#8217;ENA<\/em><\/strong>, ancien conseiller d&#8217;\u00c9tat et <strong><em>membre de l&#8217;Acad\u00e9mie Goncourt<\/em><\/strong>, est une ancienne \u00e9l\u00e8ve du Lyc\u00e9e Marie-Curie&nbsp;?<\/p>\n\n\n\n<p>N\u00e9e le 19 juin 1945 \u00e0 Palaiseau, elle est la fille d\u2019Andr\u00e9 Chandernagor, ancien d\u00e9put\u00e9 de la&nbsp;Creuse&nbsp;et ministre des Affaires europ\u00e9ennes du&nbsp;gouvernement Pierre Mauroy.&nbsp;Elle \u00e9tudie \u00e0 l&#8217;\u00e9cole Jules-Ferry (Palaiseau), puis au&nbsp;lyc\u00e9e Marie-Curie&nbsp;de 1955 \u00e0 1962 o\u00f9 elle d\u00e9croche un bac Philo.<\/p>\n\n\n\n<p>A l&#8217;occasion de la parution en 2015 de son roman historique <em>Vie de Jude, fr\u00e8re de J\u00e9sus<\/em>, <strong><em>elle \u00e9voque l&#8217;abb\u00e9 Vinson<\/em><\/strong>, aum\u00f4nier du lyc\u00e9e Marie-Curie&nbsp;:<\/p>\n\n\n\n<p>\u00ab Gr\u00e2ce au p\u00e8re Vinson, notre aum\u00f4nier en sixi\u00e8me au lyc\u00e9e Marie-Curie de Sceaux, qui tous les soirs nous faisait lire le Nouveau Testament, j\u2019ai depuis mes 10 ans le go\u00fbt des textes sacr\u00e9s au point que j\u2019ai \u00e9crit \u00e0 l\u2019\u00e9poque\u2009: \u201cJe m\u2019engage \u00e0 \u00e9tudier la bonne nouvelle de J\u00e9sus contenue dans cet Evangile et \u00e0 y conformer ma vie.\u201d Un r\u00e9el d\u00e9fi dans un milieu creusois de gauche avec des parents agnostiques\u2009!&nbsp;\u00bb<\/p>\n\n\n\n<div class=\"wp-block-buttons is-content-justification-center is-layout-flex wp-container-core-buttons-is-layout-a89b3969 wp-block-buttons-is-layout-flex\">\n<div class=\"wp-block-button\"><a class=\"wp-block-button__link has-text-align-center wp-element-button\" href=\"https:\/\/www.parismatch.com\/Culture\/Livres\/Enfants-de-la-fratrie-767410\">T\u00e9moignage<\/a><\/div>\n<\/div>\n\n\n\n<p><\/p>\n","protected":false},"excerpt":{"rendered":"<p>Saviez-vous que la romanci\u00e8re Fran\u00e7oise Chandernagor, dipl\u00f4m\u00e9e de Sciences Po Paris, premi\u00e8re femme major de l&#8217;ENA, ancien conseiller d&#8217;\u00c9tat et membre de l&#8217;Acad\u00e9mie Goncourt, est une ancienne \u00e9l\u00e8ve du Lyc\u00e9e Marie-Curie&nbsp;? N\u00e9e le 19 juin 1945 \u00e0 Palaiseau, elle est la fille d\u2019Andr\u00e9 Chandernagor, ancien d\u00e9put\u00e9 de la&nbsp;Creuse&nbsp;et ministre des Affaires europ\u00e9ennes du&nbsp;gouvernement Pierre Mauroy.&nbsp;Elle [&hellip;]<\/p>\n","protected":false},"author":1,"featured_media":0,"parent":0,"menu_order":0,"comment_status":"closed","ping_status":"closed","template":"","meta":{"footnotes":""},"class_list":["post-530","page","type-page","status-publish","hentry"],"_links":{"self":[{"href":"https:\/\/museelyceemariecurie.org\/index.php\/wp-json\/wp\/v2\/pages\/530","targetHints":{"allow":["GET"]}}],"collection":[{"href":"https:\/\/museelyceemariecurie.org\/index.php\/wp-json\/wp\/v2\/pages"}],"about":[{"href":"https:\/\/museelyceemariecurie.org\/index.php\/wp-json\/wp\/v2\/types\/page"}],"author":[{"embeddable":true,"href":"https:\/\/museelyceemariecurie.org\/index.php\/wp-json\/wp\/v2\/users\/1"}],"replies":[{"embeddable":true,"href":"https:\/\/museelyceemariecurie.org\/index.php\/wp-json\/wp\/v2\/comments?post=530"}],"version-history":[{"count":6,"href":"https:\/\/museelyceemariecurie.org\/index.php\/wp-json\/wp\/v2\/pages\/530\/revisions"}],"predecessor-version":[{"id":2671,"href":"https:\/\/museelyceemariecurie.org\/index.php\/wp-json\/wp\/v2\/pages\/530\/revisions\/2671"}],"wp:attachment":[{"href":"https:\/\/museelyceemariecurie.org\/index.php\/wp-json\/wp\/v2\/media?parent=530"}],"curies":[{"name":"wp","href":"https:\/\/api.w.org\/{rel}","templated":true}]}}