{"id":535,"date":"2024-08-12T11:49:00","date_gmt":"2024-08-12T09:49:00","guid":{"rendered":"https:\/\/museelyceemariecurie.org\/?page_id=535"},"modified":"2024-08-23T18:40:01","modified_gmt":"2024-08-23T16:40:01","slug":"alban-aumard","status":"publish","type":"page","link":"https:\/\/museelyceemariecurie.org\/index.php\/alban-aumard\/","title":{"rendered":"Alban Aumard"},"content":{"rendered":"\n<p class=\"has-system-sans-serif-font-family has-medium-font-size\"><strong>Saviez-vous que Gary, d\u2019Un si Grand Soleil sur France 2, \u00e9tait \u00e9l\u00e8ve au lyc\u00e9e&nbsp;? <\/strong><\/p>\n\n\n\n<div class=\"wp-block-media-text is-stacked-on-mobile is-vertically-aligned-center\"><figure class=\"wp-block-media-text__media\"><img loading=\"lazy\" decoding=\"async\" width=\"202\" height=\"206\" src=\"https:\/\/museelyceemariecurie.org\/wp-content\/uploads\/2024\/08\/alban.jpg\" alt=\"\" class=\"wp-image-536 size-full\"\/><\/figure><div class=\"wp-block-media-text__content\">\n<p><\/p>\n<\/div><\/div>\n\n\n\n<p>N\u00e9 en 1973, \u00e9l\u00e8ve au lyc\u00e9e Marie-Curie de 1984 \u00e0 1991.<\/p>\n\n\n\n<p class=\"has-medium-font-size\">Il a fait l&#8217;\u00e9cole du Centre \u00e0 Sceaux, puis 8 ans \u00e0 Maricu et un bac ES. Souvent d\u00e9l\u00e9gu\u00e9 de classe, il a d\u00e9velopp\u00e9 sa fibre sociable au lyc\u00e9e. Toujours pr\u00e9sent \u00e0 8h00 \u00e0 la descente du bus, le 192, souvent en retard en cours pour cause de&#8230; public relations. Il a jou\u00e9 le r\u00f4le du messager dans Antigone sur les planches de Marie-Curie dans la salle de visioconf\u00e9rence.<\/p>\n\n\n\n<p class=\"has-medium-font-size\">Parti en fac d&#8217;histoire \u00e0 la Sorbonne, il entra rapidement dans une Cie de th\u00e9\u00e2tre sud-am\u00e9ricaine, puis suivit une formation au cours P\u00e9rimony. Habitu\u00e9 des castings depuis 20 ans, il est pressenti il y a 4 ans pour son r\u00f4le dans Un si grand Soleil dont il a fait \u00e9voluer le personnage.<\/p>\n\n\n\n<p class=\"has-medium-font-size\">Il recommande avant tout de faire du th\u00e9\u00e2tre&#8230;. avant de passer au cin\u00e9ma.<\/p>\n","protected":false},"excerpt":{"rendered":"<p>Saviez-vous que Gary, d\u2019Un si Grand Soleil sur France 2, \u00e9tait \u00e9l\u00e8ve au lyc\u00e9e&nbsp;? N\u00e9 en 1973, \u00e9l\u00e8ve au lyc\u00e9e Marie-Curie de 1984 \u00e0 1991. Il a fait l&#8217;\u00e9cole du Centre \u00e0 Sceaux, puis 8 ans \u00e0 Maricu et un bac ES. Souvent d\u00e9l\u00e9gu\u00e9 de classe, il a d\u00e9velopp\u00e9 sa fibre sociable au lyc\u00e9e. Toujours [&hellip;]<\/p>\n","protected":false},"author":1,"featured_media":0,"parent":0,"menu_order":0,"comment_status":"closed","ping_status":"closed","template":"","meta":{"footnotes":""},"class_list":["post-535","page","type-page","status-publish","hentry"],"_links":{"self":[{"href":"https:\/\/museelyceemariecurie.org\/index.php\/wp-json\/wp\/v2\/pages\/535","targetHints":{"allow":["GET"]}}],"collection":[{"href":"https:\/\/museelyceemariecurie.org\/index.php\/wp-json\/wp\/v2\/pages"}],"about":[{"href":"https:\/\/museelyceemariecurie.org\/index.php\/wp-json\/wp\/v2\/types\/page"}],"author":[{"embeddable":true,"href":"https:\/\/museelyceemariecurie.org\/index.php\/wp-json\/wp\/v2\/users\/1"}],"replies":[{"embeddable":true,"href":"https:\/\/museelyceemariecurie.org\/index.php\/wp-json\/wp\/v2\/comments?post=535"}],"version-history":[{"count":5,"href":"https:\/\/museelyceemariecurie.org\/index.php\/wp-json\/wp\/v2\/pages\/535\/revisions"}],"predecessor-version":[{"id":1258,"href":"https:\/\/museelyceemariecurie.org\/index.php\/wp-json\/wp\/v2\/pages\/535\/revisions\/1258"}],"wp:attachment":[{"href":"https:\/\/museelyceemariecurie.org\/index.php\/wp-json\/wp\/v2\/media?parent=535"}],"curies":[{"name":"wp","href":"https:\/\/api.w.org\/{rel}","templated":true}]}}

<p class="has-system-sans-serif-font-family has-medium-font-size"><strong>Saviez-vous que Gary, d’Un si Grand Soleil sur France 2, était élève au lycée&nbsp;? </strong></p>



<div class="wp-block-media-text is-stacked-on-mobile is-vertically-aligned-center"><figure class="wp-block-media-text__media"><img loading="lazy" decoding="async" width="202" height="206" src="https://museelyceemariecurie.org/wp-content/uploads/2024/08/alban.jpg" alt="" class="wp-image-536 size-full"/></figure><div class="wp-block-media-text__content">
<p></p>
</div></div>



<p>Né en 1973, élève au lycée Marie-Curie de 1984 à 1991.</p>



<p class="has-medium-font-size">Il a fait l&#8217;école du Centre à Sceaux, puis 8 ans à Maricu et un bac ES. Souvent délégué de classe, il a développé sa fibre sociable au lycée. Toujours présent à 8h00 à la descente du bus, le 192, souvent en retard en cours pour cause de&#8230; public relations. Il a joué le rôle du messager dans Antigone sur les planches de Marie-Curie dans la salle de visioconférence.</p>



<p class="has-medium-font-size">Parti en fac d&#8217;histoire à la Sorbonne, il entra rapidement dans une Cie de théâtre sud-américaine, puis suivit une formation au cours Périmony. Habitué des castings depuis 20 ans, il est pressenti il y a 4 ans pour son rôle dans Un si grand Soleil dont il a fait évoluer le personnage.</p>



<p class="has-medium-font-size">Il recommande avant tout de faire du théâtre&#8230;. avant de passer au cinéma.</p>

<p>Saviez-vous que Gary, d’Un si Grand Soleil sur France 2, était élève au lycée&nbsp;? Né en 1973, élève au lycée Marie-Curie de 1984 à 1991. Il a fait l&#8217;école du Centre à Sceaux, puis 8 ans à Maricu et un bac ES. Souvent délégué de classe, il a développé sa fibre sociable au lycée. Toujours [&hellip;]</p>
